e w(i).
0
Let p(f) = 3*f**2 + 2*f + 1. Suppose 16 = -16*c - 0*c. What is p(c)?
2
Suppose 5*n - 20 = -0. Let s(l) be the third derivative of -l**6/120 + l**5/12 - l**4/4 + l**3 - 6*l**2. What is s(n)?
-2
Let c(n) = -n**3 + 4*n**2 + 8*n - 5. Let i be c(5). Suppose -b - 2*b + 5*g = i, -5*b - 2 = -g. Let p(j) = 2*j**2 + b*j + 0*j**3 - j**3 - j - 1. What is p(2)?
-3
Let a(m) be the third derivative of m**6/120 - m**5/15 + m**4/24 - m**3/6 + 3*m**2 - 2. What is a(3)?
-7
Suppose 3*v - 5*v - 10 = 0. Let u(l) = -l**2 - 6*l - 7. Give u(v).
-2
Let w(m) = -m**2 - 9*m + 4. Let r be w(-10). Let h(p) = p. Let q(k) = 3*k - 8. Let s(b) = 4*h(b) - q(b). What is s(r)?
2
Let q(p) be the second derivative of -p**5/20 + p**4/3 - p**3/6 + p**2/2 - 18*p. What is q(4)?
-3
Let y be 1/(5/(-25) - 0). Let h(b) = -b. Suppose -8 = 5*u + 2. Let d(s) = 3*s + 1. Let r(z) = u*h(z) - d(z). Give r(y).
4
Let o(p) = -p - 4. Let y(r) = r + 3. Let c(k) = 5*o(k) + 6*y(k). Let a be ((-10)/(-4))/((-2)/(-4)). Let l(n) = n - 1. Let f be l(a). Give c(f).
2
Let h(o) = -3*o**2 - 17*o - 2. Let a be h(-7). Let b = a - -31. Let j(p) = -1. Let c(i) = 10*i + 6. Let g(s) = c(s) + 5*j(s). Give g(b).
11
Let r(u) = -u**3 + 3*u**2 + 1. Suppose 4*c - v + 0*v = 96, 66 = 2*c + 4*v. Let t be 2/(-4) - c/(-10). Suppose 3*q + 9 = 0, -q + 7 = -t*h + 14. What is r(h)?
5
Let n = 10 - 6. Let t(l) = 2 + 0 - l + 3 - n. Let j = 15 + -10. Give t(j).
-4
Let u be 1 + (-16)/(-4) + 0. Let i(f) = f**2 - 4*f - 5. Give i(u).
0
Suppose 4*y + 15 = -f, -3*f + 12 = -2*y + f. Let t(b) = -3*b - 6. Calculate t(y).
6
Suppose 10 = 4*a - 2. Let z(l) = -l - 3*l + 0*l + 3*l. Calculate z(a).
-3
Suppose 0 = 2*i, -8*u + 3*u - 5*i = 35. Let d(s) = -3*s - 6. Calculate d(u).
15
Let s(v) = v**3 - 4*v**2 - 6*v + 5. Let y = -32 - -21. Let r = y - -16. Give s(r).
0
Let w(q) be the third derivative of -1/60*q**5 + 0*q + 3*q**2 + 0 + 1/24*q**4 + 0*q**3. Determine w(-1).
-2
Let w(o) be the first derivative of o**4/4 - 4*o**3/3 - 2*o**2 + 2*o - 11. Calculate w(5).
7
Suppose -2*n - f = 3*n - 3, 3*f + 5 = -n. Suppose 2*x + n = 3*x. Let c(d) = -1. Let w(j) = -3*j - 27. Let y(m) = -54*c(m) + 2*w(m). Give y(x).
-6
Let c(k) = k - 7. Let z = -5 - -8. Suppose m = i - m - 7, 0 = -z*i + m + 11. Suppose 0 = -i*q - 0*q. Calculate c(q).
-7
Suppose a + 15 = 3*f, -3*a = -2*a - 5*f + 23. Let x(o) = -o**2 - o + 1. Let k(y) = y**3 + 4*y**2 - 2*y - 6. Let d(t) = k(t) + 3*x(t). Give d(a).
-6
Let b(i) be the second derivative of i**4/24 + 2*i**3/3 - 7*i**2/2 + 6*i. Let c(h) be the first derivative of b(h). Determine c(-6).
-2
Let q(c) be the first derivative of -3*c**4 - c**2/2 + c + 1. Determine q(1).
-12
Let m(d) = 5*d. Let k(q) = 3*q + 1. Let z(u) = -3*k(u) + 2*m(u). What is z(6)?
3
Let c(s) = -3*s**2 + 3*s - 3. Let u(d) = -15*d**2 + 15*d - 16. Let v(p) = 11*c(p) - 2*u(p). What is v(2)?
-7
Let l = 12 + -10. Suppose 17 = 5*u + l. Let q(y) = -y**2 + 4*y - 2. Calculate q(u).
1
Let g(h) = -3*h**2 + 5*h - 7. Let t(y) = 5*y**2 - 8*y + 11. Let d(w) = 8*g(w) + 5*t(w). Determine d(-2).
3
Suppose -14 = -5*a - 4*w + 6, 5*a - 2*w - 50 = 0. Let f be ((-4)/a)/(2/4). Let y(i) = 3*i**3 + 1. Calculate y(f).
-2
Let i be 2*(-2)/(-2) - 0. Suppose 3*j + 5*t = 6, -3*j + 3*t + i*t - 24 = 0. Let n(u) = -u + 6. Let q(o) = 1. Let f(w) = -n(w) + 6*q(w). Calculate f(j).
-3
Let f be 1/((3 + 0)/(-6)*2). Let g(u) = -5*u**3 + u**2 + u. Let j be g(-2). Let h be f/2 + j/12. Let s(i) = i**2 - 4. What is s(h)?
5
Let h(q) = -q**2 + 10*q - 9. Suppose -2*b + b + 2*p = -13, 21 = 3*b + 3*p. Let c be h(b). Let x(u) = u**3 + u**2 + 4. What is x(c)?
4
Let h(n) = -3*n**2 - 3*n + 10. Let f(d) = -d**2 + d + 1. Let p(s) = -2*f(s) + h(s). Let y(v) = v**2 - 6*v + 2. Let l be y(4). Determine p(l).
2
Suppose 7 = 4*x - 1. Let w(r) be the third derivative of 0 + 0*r + 2*r**2 - 1/30*r**5 + 1/6*r**3 + 0*r**4. Give w(x).
-7
Let r(l) = l**3 + 6*l**2 + 2*l + 3. Let z = 15 + -21. Determine r(z).
-9
Let g(m) be the second derivative of m**4/12 - m**3/2 + m. Suppose -4*a - 1 = 15. Let n be 3/3*(-2 - a). What is g(n)?
-2
Let z(k) = -4*k**2 - 13*k + 4. Let j(x) = -x**2 - 3*x + 1. Let r(b) = -9*j(b) + 2*z(b). Let v be r(1). Let c(f) = 6*f**2 - f. Give c(v).
5
Suppose -3*h = h + 12. Let a = 7 - 3. Let t(d) = -d**3 + 2*d**3 + a*d**2 + 3*d + d**2 - 3. Determine t(h).
6
Let x(q) = 2*q**3 - 2*q**2 + 2*q. Let j(v) = -v**3 + 5*v**2 + 6*v + 2. Let a be j(6). Calculate x(a).
12
Let k(t) = t**2 - t + 2. Suppose f = -4*f + 15. Calculate k(f).
8
Let w be 1/((-56)/20 + 3). Let h(f) = -2*f. Determine h(w).
-10
Let i be (2/3)/((-6)/(-9)). Let u be -2 + 3 + -3 + i. Let m be u - (-9)/3*2. Let x(f) = f + 2. Calculate x(m).
7
Let r(p) = 5*p - 7*p + 3*p. Determine r(-4).
-4
Let b(t) = 4*t**2 - 2*t + t**3 + 0 + 0*t**3 + 5 - 7. Determine b(-5).
-17
Suppose -2*m = -2*o - 6, -5*o + 4*m - 9 = 2. Let y be (o*6)/(6/(-4)). Let i(f) be the third derivative of -f**4/24 + f**3/2 - f**2. What is i(y)?
7
Let k(l) = l + 1. Let s be -1 - (-1 - -4)*-2. Give k(s).
6
Let x = -5 + 2. Let z(f) be the third derivative of f**7/840 + f**6/90 + f**5/120 + 2*f**3/3 - f**2. Let q(l) be the first derivative of z(l). Determine q(x).
6
Let q(s) = -s**2 - 6*s - 3. Let n be q(-2). Let p(b) be the third derivative of b**6/120 - b**5/15 - b**4/4 + b**3/3 - 8*b**2. Determine p(n).
-3
Suppose 9 = -0*c - 3*c. Let z(j) = -j**3 - j + 3. Let o(a) = a**2. Let p(u) = 3*o(u) - z(u). Give p(c).
-6
Let n(x) = -2*x - 10. Let k(g) = g + 5. Let b(l) = -5*k(l) - 3*n(l). Let z(t) = -t**2 + 11*t - 9. Let y be z(11). Let m be (-30)/25*(-30)/y. Give b(m).
1
Let y(m) = -m**3 + 2*m**2 - 7*m - 2. Let l(r) = -3*r**3 + 3*r**2 - 14*r - 4. Let z(v) = 2*l(v) - 5*y(v). Let s be (-8)/12 + (-26)/6. Give z(s).
-8
Suppose -3*c = -a - 0 - 3, -2*a - 3*c = 6. Let r(i) = i**2 + 2*i + 1. Give r(a).
4
Let n be 4/14 + 10/(-35). Let y(m) = n - 3*m + 4 + 4*m. Suppose 5*r - 8 = 12. Give y(r).
8
Let x(h) = -h**3 + 4*h**2 - h. Suppose 0 = -5*f + 16 - 1. Let s be 0 + ((-45)/f)/(-3). Let l = 8 - s. Determine x(l).
6
Let d(x) = 5*x + 6. Let z(v) = 6*v + 6. Let r(s) = -4*d(s) + 3*z(s). Determine r(5).
-16
Let l(o) = 2*o. Let i be l(-3). Let d(f) = f**2 + 3*f - 3. Calculate d(i).
15
Let u(d) = -d + 5. Let g(y) be the second derivative of y**3/3 + 3*y**2 - y. Let n be g(-5). Determine u(n).
9
Let j(a) be the third derivative of a**6/720 + a**5/60 - a**4/6 + 2*a**2. Let z(d) be the second derivative of j(d). Determine z(-5).
-3
Let s(x) = x**3 - 9*x**2 - 7*x + 3. Let u(h) = -h. Let a(l) = -s(l) + 6*u(l). What is a(9)?
6
Let t(a) = -4*a**3 - a**2 - 11*a - 2. Let c(q) = 5*q**3 + 2*q**2 + 12*q + 3. Let m(b) = 5*c(b) + 6*t(b). Let h(g) = 13*g - 31. Let f be h(2). Determine m(f).
8
Let z(t) be the third derivative of t**4/24 - t**3/2 + 4*t**2. Let p = 6 + -10. Give z(p).
-7
Let v(a) = -a - 4. Let o be v(-8). Suppose -5*z + 0 = -10, 4*w - o*z = 0. Let f(h) = 0*h**3 - 2*h**3 - h + 3*h**w + h**3 - 3. Give f(3).
-6
Let r be (-2)/12 - (-39)/18. Suppose -n + 4*b - 18 = -b, 2*n - r*b - 4 = 0. Let i = n + -6. Let w(m) = 6*m**3 + m - 1. Give w(i).
6
Let h(o) = 20*o**2 - 13*o**2 + 7*o - 8*o**2. Determine h(6).
6
Let g = 5 + -14. Let v = g + 11. Let n(w) = -3*w**3 + 0*w**3 - 3 + 2*w**3 + w**2 + 4*w. What is n(v)?
1
Let r(s) = s. Let c = 75 - 71. Determine r(c).
4
Let z be -2*(-4)/(4 + 0). Let v(o) be the first derivative of -o - 3/2*o**z - 2. Calculate v(-1).
2
Suppose 1 = y, -5*w + 7*y - 2*y - 35 = 0. Let h(n) be the first derivative of n**4/4 + 2*n**3 + n + 1. Give h(w).
1
Let o(x) = x - 2. Suppose -5*r - 35 = -s - 3*s, 2*s + 2*r - 4 = 0. Suppose 0 = 2*q - s*q + 6. Suppose 0*m - q*m = -8. Determine o(m).
2
Let n = 2 - 0. Let s(i) = -3*i + 3*i - n*i. Let o(c) = -c**3 + 6*c**2 + 3. Let r be o(6). Determine s(r).
-6
Let t(v) be the third derivative of -v**5/60 + 5*v**4/12 - 4*v**3/3 + 9*v**2. Calculate t(6).
16
Let m be 1/(-2) + 2/4. Suppose m = -z - 0*z + 6. Let s(t) = 5 - z + 0 + 3*t. Determine s(2).
5
Let u(g) = -52 - g**2 - 3*g + 25 + 25. Give u(-2).
0
Let p(r) be the second derivative of 3*r + 0 + 5/2*r**2 - 1/12*r**4 + 1/2*r**3. Determine p(4).
1
Let q(o) be the third derivative of o**7/840 + o**6/90 + o**5/120 - o**4/6 + 7*o**3/6 - 6*o**2. Let w(c) be the first derivative of q(c). Determine w(-3).
2
Suppose 3 = -3*b - 0*q - q, -2*q = 5*